{"id":16,"date":"2018-02-01T17:11:26","date_gmt":"2018-02-01T17:11:26","guid":{"rendered":"https:\/\/ikmk.hu\/archiv\/?page_id=16"},"modified":"2023-08-07T09:51:34","modified_gmt":"2023-08-07T09:51:34","slug":"ivancsai-helytorteneti-gyujtemeny","status":"publish","type":"page","link":"https:\/\/ikmk.hu\/archiv\/ivancsai-helytorteneti-gyujtemeny\/","title":{"rendered":"F\u00fcr\u00e9sz Gyula Helyt\u00f6rt\u00e9neti Gy\u0171jtem\u00e9ny"},"content":{"rendered":"<h2>A HELYT\u00d6RT\u00c9NETI GY\u0170JTEM\u00c9NYR\u0150L<\/h2>\n<p>K\u00f6zs\u00e9g\u00fcnkben 1972-ben kapott m\u0171k\u00f6d\u00e9si enged\u00e9lyt a Helyt\u00f6rt\u00e9neti Gy\u0171jtem\u00e9ny, mely a kist\u00e9rs\u00e9g egyetlen k\u00f6zgy\u0171jtem\u00e9nye. Ezersz\u00e1mra l\u00e1that\u00f3k itt a r\u00e9g\u00e9szeti leletek, r\u00e9gi t\u00e9rk\u00e9pek, f\u00e9nyk\u00e9pek, k\u00f6zs\u00e9gi, termel\u0151sz\u00f6vetkezeti \u00e9s mag\u00e1njelleg\u0171 iratok, fot\u00f3k, de meghat\u00e1roz\u00f3an n\u00e9prajzi t\u00e1rgyak: a f\u00f6ldm\u0171vel\u00e9s, \u00e1llatteny\u00e9szt\u00e9s \u00e9s az ipar eml\u00e9kei. \u00d6nkorm\u00e1nyzati tulajdon\u00fa \u00e9s fenntart\u00e1s\u00fa az int\u00e9zm\u00e9ny, m\u00e9gis a gy\u0171jtem\u00e9nyt l\u00e9trehoz\u00f3 F\u00fcr\u00e9sz Gyula 1991-ben er\u0151s\u00edteni k\u00edv\u00e1nta a civil t\u00e1mogatotts\u00e1got azzal, hogy l\u00e9trehozta a Helyt\u00f6rt\u00e9neti Gy\u0171jtem\u00e9ny alap\u00edtv\u00e1ny\u00e1t. Ennek c\u00e9lja, hogy a gazdag anyagot a m\u00faland\u00f3s\u00e1gt\u00f3l a lehet\u0151 legjobban meg\u00f3vjuk, hogy azt az \u00e9rdekl\u0151d\u0151k sz\u00e1m\u00e1ra bemutathassuk, s ut\u00f3dainknak \u00f6r\u00f6k\u00fcl hagyjuk. Nagy \u00f6r\u00f6m\u00fcnkre elk\u00e9sz\u00fclt egy k\u00fclt\u00e9ri bemutat\u00f3hely, melynek siker\u00e9hez a Leader-p\u00e1ly\u00e1zat, az \u00d6nkorm\u00e1nyzat \u00e9s az alap\u00edtv\u00e1ny is hozz\u00e1j\u00e1rulhat.<\/p>\n<p>A gy\u0171jtem\u00e9ny gazdag n\u00e9prajzi \u00e9s lev\u00e9lt\u00e1ri anyag\u00e1t folyamatosan b\u0151v\u00edtett\u00fck. B\u00fatorok, a konyha eszk\u00f6zei, textilek, a gazd\u00e1lkod\u00f3k szersz\u00e1mai &#8211; valamint a r\u00e9gi k\u00f6z\u00f6ss\u00e9gi iratt\u00e1r egy r\u00e9sze, csal\u00e1di \u00e9s mag\u00e1nokiratok a XX. sz. els\u0151 \u00e9vtizedeib\u0151l ker\u00fcltek a k\u00f6zs\u00e9g polg\u00e1rainak aj\u00e1nd\u00e9kak\u00e9nt hozz\u00e1nk.<\/p>\n<p>A gy\u0171jtem\u00e9ny ir\u00e1nti \u00e9rdekl\u0151d\u00e9s sokr\u00e9t\u0171. J\u00f6nnek feln\u0151ttek, j\u00f6nnek iskolai oszt\u00e1lyok. Rendszeresen \u00e9rkeznek csoportok Mosonmagyar\u00f3v\u00e1rr\u00f3l, Budapestr\u0151l \u00e9s \u00c9rdr\u0151l. F\u0151iskol\u00e1sok, egyetemist\u00e1k kutatnak az eredeti iratanyagb\u00f3l, f\u00e9nyk\u00e9pekb\u0151l dolgozatukhoz. Megkeresnek a II. vil\u00e1gh\u00e1bor\u00fab\u00f3l vissza nem \u00e9rt katon\u00e1k hozz\u00e1tartoz\u00f3i tov\u00e1bbi kutat\u00e1s vagy a hadi\u00e1rva seg\u00e9ly \u00fcgy\u00e9ben. A t\u00e1rgy gy\u0171jt\u00e9s mellett a szellemi n\u00e9prajz meg\u0151rz\u00e9se is feladatunk. Videofelv\u00e9telen \u0151rizz\u00fck meg egy-egy korszak eml\u00e9k\u00e9t. Az els\u0151 felv\u00e9tel K\u00e1r\u00e1sz Feri b\u00e1csival k\u00e9sz\u00fclt, aki az els\u0151 vil\u00e1gh\u00e1bor\u00fas \u00e9lm\u00e9nyeit besz\u00e9lte el olyan \u00edzesen, hogy a hetedikesek t\u00f6rt\u00e9nelem \u00f3r\u00e1n \u00e9lvezettel hallgatt\u00e1k. A legut\u00f3bbi felv\u00e9tel K\u00e9ri S\u00e1ndor reform\u00e1tus lelk\u00e9sszel k\u00e9sz\u00fclt, aki a h\u00e1bor\u00fa ut\u00e1n Iv\u00e1ncs\u00e1n m\u0171k\u00f6d\u00f6tt.<\/p>\n<p>El\u0151 a kapcsolatunk a duna\u00fajv\u00e1rosi Intercisa M\u00fazeummal. Ezt r\u00e9szben a k\u00f6zs\u00e9g k\u00fclter\u00fclet\u00e9n foly\u00f3 r\u00e9g\u00e9szeti felt\u00e1r\u00e1sok magyar\u00e1zz\u00e1k, val\u00f3j\u00e1ban a j\u00f3l k\u00e9pzett szakemberek seg\u00edt\u0151k\u00e9szs\u00e9ge egyfajta garancia, hogy sz\u00ednvonalas munk\u00e1t v\u00e9gezz\u00fcnk.<\/p>\n<p><strong>Kontakt:&nbsp;Bircs\u00e1k Lajosn\u00e9<\/strong><br \/>\n<strong>C\u00edm:&nbsp;2454 Iv\u00e1ncsa, F\u0151 u. 115\/b<\/strong><br \/>\n<strong>Telefonsz\u00e1m:&nbsp;25\/255-054<\/strong><br \/>\n<strong>Ad\u00f3sz\u00e1m:&nbsp;18486252-1-07<\/strong><\/p>\n","protected":false},"excerpt":{"rendered":"<p>A HELYT\u00d6RT\u00c9NETI GY\u0170JTEM\u00c9NYR\u0150L K\u00f6zs\u00e9g\u00fcnkben 1972-ben kapott m\u0171k\u00f6d\u00e9si enged\u00e9lyt a Helyt\u00f6rt\u00e9neti Gy\u0171jtem\u00e9ny, mely a kist\u00e9rs\u00e9g egyetlen k\u00f6zgy\u0171jtem\u00e9nye. Ezersz\u00e1mra l\u00e1that\u00f3k itt a r\u00e9g\u00e9szeti leletek, r\u00e9gi t\u00e9rk\u00e9pek, f\u00e9nyk\u00e9pek, k\u00f6zs\u00e9gi, termel\u0151sz\u00f6vetkezeti \u00e9s mag\u00e1njelleg\u0171 iratok, fot\u00f3k, de meghat\u00e1roz\u00f3an n\u00e9prajzi t\u00e1rgyak: a f\u00f6ldm\u0171vel\u00e9s, \u00e1llatteny\u00e9szt\u00e9s \u00e9s az ipar eml\u00e9kei. \u00d6nkorm\u00e1nyzati tulajdon\u00fa \u00e9s fenntart\u00e1s\u00fa az int\u00e9zm\u00e9ny, m\u00e9gis a gy\u0171jtem\u00e9nyt l\u00e9trehoz\u00f3 F\u00fcr\u00e9sz Gyula 1991-ben [&hellip;]<\/p>\n","protected":false},"author":1,"featured_media":0,"parent":0,"menu_order":0,"comment_status":"closed","ping_status":"closed","template":"","meta":{"footnotes":""},"class_list":["post-16","page","type-page","status-publish","hentry"],"brizy_media":[],"_links":{"self":[{"href":"https:\/\/ikmk.hu\/archiv\/wp-json\/wp\/v2\/pages\/16","targetHints":{"allow":["GET"]}}],"collection":[{"href":"https:\/\/ikmk.hu\/archiv\/wp-json\/wp\/v2\/pages"}],"about":[{"href":"https:\/\/ikmk.hu\/archiv\/wp-json\/wp\/v2\/types\/page"}],"author":[{"embeddable":true,"href":"https:\/\/ikmk.hu\/archiv\/wp-json\/wp\/v2\/users\/1"}],"replies":[{"embeddable":true,"href":"https:\/\/ikmk.hu\/archiv\/wp-json\/wp\/v2\/comments?post=16"}],"version-history":[{"count":3,"href":"https:\/\/ikmk.hu\/archiv\/wp-json\/wp\/v2\/pages\/16\/revisions"}],"predecessor-version":[{"id":5105,"href":"https:\/\/ikmk.hu\/archiv\/wp-json\/wp\/v2\/pages\/16\/revisions\/5105"}],"wp:attachment":[{"href":"https:\/\/ikmk.hu\/archiv\/wp-json\/wp\/v2\/media?parent=16"}],"curies":[{"name":"wp","href":"https:\/\/api.w.org\/{rel}","templated":true}]}}

Fürész Gyula Helytörténeti Gyűjtemény

<h2>A HELYTÖRTÉNETI GYŰJTEMÉNYRŐL</h2>
<p>Községünkben 1972-ben kapott működési engedélyt a Helytörténeti Gyűjtemény, mely a kistérség egyetlen közgyűjteménye. Ezerszámra láthatók itt a régészeti leletek, régi térképek, fényképek, községi, termelőszövetkezeti és magánjellegű iratok, fotók, de meghatározóan néprajzi tárgyak: a földművelés, állattenyésztés és az ipar emlékei. Önkormányzati tulajdonú és fenntartású az intézmény, mégis a gyűjteményt létrehozó Fürész Gyula 1991-ben erősíteni kívánta a civil támogatottságot azzal, hogy létrehozta a Helytörténeti Gyűjtemény alapítványát. Ennek célja, hogy a gazdag anyagot a múlandóságtól a lehető legjobban megóvjuk, hogy azt az érdeklődők számára bemutathassuk, s utódainknak örökül hagyjuk. Nagy örömünkre elkészült egy kültéri bemutatóhely, melynek sikeréhez a Leader-pályázat, az Önkormányzat és az alapítvány is hozzájárulhat.</p>
<p>A gyűjtemény gazdag néprajzi és levéltári anyagát folyamatosan bővítettük. Bútorok, a konyha eszközei, textilek, a gazdálkodók szerszámai &#8211; valamint a régi közösségi irattár egy része, családi és magánokiratok a XX. sz. első évtizedeiből kerültek a község polgárainak ajándékaként hozzánk.</p>
<p>A gyűjtemény iránti érdeklődés sokrétű. Jönnek felnőttek, jönnek iskolai osztályok. Rendszeresen érkeznek csoportok Mosonmagyaróvárról, Budapestről és Érdről. Főiskolások, egyetemisták kutatnak az eredeti iratanyagból, fényképekből dolgozatukhoz. Megkeresnek a II. világháborúból vissza nem ért katonák hozzátartozói további kutatás vagy a hadiárva segély ügyében. A tárgy gyűjtés mellett a szellemi néprajz megőrzése is feladatunk. Videofelvételen őrizzük meg egy-egy korszak emlékét. Az első felvétel Kárász Feri bácsival készült, aki az első világháborús élményeit beszélte el olyan ízesen, hogy a hetedikesek történelem órán élvezettel hallgatták. A legutóbbi felvétel Kéri Sándor református lelkésszel készült, aki a háború után Iváncsán működött.</p>
<p>Elő a kapcsolatunk a dunaújvárosi Intercisa Múzeummal. Ezt részben a község külterületén folyó régészeti feltárások magyarázzák, valójában a jól képzett szakemberek segítőkészsége egyfajta garancia, hogy színvonalas munkát végezzünk.</p>
<p><strong>Kontakt:&nbsp;Bircsák Lajosné</strong><br />
<strong>Cím:&nbsp;2454 Iváncsa, Fő u. 115/b</strong><br />
<strong>Telefonszám:&nbsp;25/255-054</strong><br />
<strong>Adószám:&nbsp;18486252-1-07</strong></p>

<p>A HELYTÖRTÉNETI GYŰJTEMÉNYRŐL Községünkben 1972-ben kapott működési engedélyt a Helytörténeti Gyűjtemény, mely a kistérség egyetlen közgyűjteménye. Ezerszámra láthatók itt a régészeti leletek, régi térképek, fényképek, községi, termelőszövetkezeti és magánjellegű iratok, fotók, de meghatározóan néprajzi tárgyak: a földművelés, állattenyésztés és az ipar emlékei. Önkormányzati tulajdonú és fenntartású az intézmény, mégis a gyűjteményt létrehozó Fürész Gyula 1991-ben [&hellip;]</p>
