{"id":160,"date":"2018-02-08T18:13:19","date_gmt":"2018-02-08T18:13:19","guid":{"rendered":"https:\/\/ikmk.hu\/archiv\/?page_id=160"},"modified":"2020-04-09T15:29:39","modified_gmt":"2020-04-09T15:29:39","slug":"orszagos-szervezeti-es-intezmenyi-kapcsolatok","status":"publish","type":"page","link":"https:\/\/ikmk.hu\/archiv\/ivancsai-konyvtar\/orszagos-szervezeti-es-intezmenyi-kapcsolatok\/","title":{"rendered":"Orsz\u00e1gos szervezeti \u00e9s int\u00e9zm\u00e9nyi kapcsolatok"},"content":{"rendered":"<p><span style=\"font-family: symbol; color: #5f6282;\"><strong>Szervezeti kapcsolatok:<\/strong><\/span><\/p>\n<ul>\n<li><span style=\"font-family: symbol; color: #5f6282;\">Magyar K\u00f6nyvt\u00e1rosok Egyes\u00fclete <a style=\"color: #5f6282;\" href=\"http:\/\/mke.info.hu\/\" target=\"_blank\" rel=\"noopener\">mke.info.hu<\/a><\/span><\/li>\n<li><span style=\"font-family: symbol; color: #5f6282;\">K\u00f6nyvt\u00e1rostan\u00e1rok Egyes\u00fclete <a style=\"color: #5f6282;\" href=\"http:\/\/www.ktep.hu\/\" target=\"_blank\" rel=\"noopener\">www.ktep.hu<\/a><\/span><\/li>\n<\/ul>\n<p><span style=\"font-family: symbol; color: #5f6282;\"><strong>Int\u00e9zm\u00e9nyi kapcsolatok:<\/strong><\/span><\/p>\n<ul>\n<li><span style=\"font-family: symbol; color: #5f6282;\">V\u00f6r\u00f6smarty Mih\u00e1ly K\u00f6nyvt\u00e1r (Fej\u00e9r megye) <a style=\"color: #5f6282;\" href=\"http:\/\/www.vmk.hu\" target=\"_blank\" rel=\"noopener\">www.vmk.hu<\/a>\/<\/span><\/li>\n<li><span style=\"font-family: symbol; color: #5f6282;\">K\u00f6nyvt\u00e1ri Int\u00e9zet <a style=\"color: #5f6282;\" href=\"http:\/\/ki.oszk.hu\/\" target=\"_blank\" rel=\"noopener\">ki.oszk.hu<\/a><\/span><\/li>\n<li><span style=\"font-family: symbol; color: #5f6282;\">Orsz\u00e1gos Pedag\u00f3giai K\u00f6nyvt\u00e1r \u00e9s M\u00fazeum <a style=\"color: #5f6282;\" href=\"http:\/\/www.opkm.hu\/\" target=\"_blank\" rel=\"noopener\">www.opkm.hu<\/a><\/span><\/li>\n<\/ul>\n","protected":false},"excerpt":{"rendered":"<p>Szervezeti kapcsolatok: Magyar K\u00f6nyvt\u00e1rosok Egyes\u00fclete mke.info.hu K\u00f6nyvt\u00e1rostan\u00e1rok Egyes\u00fclete www.ktep.hu Int\u00e9zm\u00e9nyi kapcsolatok: V\u00f6r\u00f6smarty Mih\u00e1ly K\u00f6nyvt\u00e1r (Fej\u00e9r megye) www.vmk.hu\/ K\u00f6nyvt\u00e1ri Int\u00e9zet ki.oszk.hu Orsz\u00e1gos Pedag\u00f3giai K\u00f6nyvt\u00e1r \u00e9s M\u00fazeum www.opkm.hu<\/p>\n","protected":false},"author":1,"featured_media":0,"parent":14,"menu_order":0,"comment_status":"closed","ping_status":"closed","template":"","meta":{"footnotes":""},"class_list":["post-160","page","type-page","status-publish","hentry"],"brizy_media":[],"_links":{"self":[{"href":"https:\/\/ikmk.hu\/archiv\/wp-json\/wp\/v2\/pages\/160","targetHints":{"allow":["GET"]}}],"collection":[{"href":"https:\/\/ikmk.hu\/archiv\/wp-json\/wp\/v2\/pages"}],"about":[{"href":"https:\/\/ikmk.hu\/archiv\/wp-json\/wp\/v2\/types\/page"}],"author":[{"embeddable":true,"href":"https:\/\/ikmk.hu\/archiv\/wp-json\/wp\/v2\/users\/1"}],"replies":[{"embeddable":true,"href":"https:\/\/ikmk.hu\/archiv\/wp-json\/wp\/v2\/comments?post=160"}],"version-history":[{"count":4,"href":"https:\/\/ikmk.hu\/archiv\/wp-json\/wp\/v2\/pages\/160\/revisions"}],"predecessor-version":[{"id":5359,"href":"https:\/\/ikmk.hu\/archiv\/wp-json\/wp\/v2\/pages\/160\/revisions\/5359"}],"up":[{"embeddable":true,"href":"https:\/\/ikmk.hu\/archiv\/wp-json\/wp\/v2\/pages\/14"}],"wp:attachment":[{"href":"https:\/\/ikmk.hu\/archiv\/wp-json\/wp\/v2\/media?parent=160"}],"curies":[{"name":"wp","href":"https:\/\/api.w.org\/{rel}","templated":true}]}}

Országos szervezeti és intézményi kapcsolatok

<p><span style="font-family: symbol; color: #5f6282;"><strong>Szervezeti kapcsolatok:</strong></span></p>
<ul>
<li><span style="font-family: symbol; color: #5f6282;">Magyar Könyvtárosok Egyesülete <a style="color: #5f6282;" href="http://mke.info.hu/" target="_blank" rel="noopener">mke.info.hu</a></span></li>
<li><span style="font-family: symbol; color: #5f6282;">Könyvtárostanárok Egyesülete <a style="color: #5f6282;" href="http://www.ktep.hu/" target="_blank" rel="noopener">www.ktep.hu</a></span></li>
</ul>
<p><span style="font-family: symbol; color: #5f6282;"><strong>Intézményi kapcsolatok:</strong></span></p>
<ul>
<li><span style="font-family: symbol; color: #5f6282;">Vörösmarty Mihály Könyvtár (Fejér megye) <a style="color: #5f6282;" href="http://www.vmk.hu" target="_blank" rel="noopener">www.vmk.hu</a>/</span></li>
<li><span style="font-family: symbol; color: #5f6282;">Könyvtári Intézet <a style="color: #5f6282;" href="http://ki.oszk.hu/" target="_blank" rel="noopener">ki.oszk.hu</a></span></li>
<li><span style="font-family: symbol; color: #5f6282;">Országos Pedagógiai Könyvtár és Múzeum <a style="color: #5f6282;" href="http://www.opkm.hu/" target="_blank" rel="noopener">www.opkm.hu</a></span></li>
</ul>

<p>Szervezeti kapcsolatok: Magyar Könyvtárosok Egyesülete mke.info.hu Könyvtárostanárok Egyesülete www.ktep.hu Intézményi kapcsolatok: Vörösmarty Mihály Könyvtár (Fejér megye) www.vmk.hu/ Könyvtári Intézet ki.oszk.hu Országos Pedagógiai Könyvtár és Múzeum www.opkm.hu</p>
